base 11, what is 1a9815 - -31?
1a9846
In base 3, what is 2110020011 - -222211?
2111012222
In base 7, what is 33 - -5515623?
5515656
In base 6, what is 2 + -42320204?
-42320202
In base 4, what is -1001110021 + 121322?
-1000322033
In base 2, what is -11100001000110110011 - 1000?
-11100001000110111011
In base 15, what is -385 - -10261?
edcb
In base 11, what is 26a - -31088a?
311049
In base 5, what is 201311122 - -100?
201311222
In base 16, what is -21 + -b0f02?
-b0f23
In base 11, what is 12852 - -4547?
17299
In base 9, what is -25750888 - -3?
-25750885
In base 13, what is 10866 - 205a?
b809
In base 14, what is ad7d - 2?
ad7b
In base 11, what is -4 + 1490242?
1490239
In base 6, what is 34 + 5350442?
5350520
In base 12, what is 3 - -1286ab4?
1286ab7
In base 8, what is 7 + -471510?
-471501
In base 9, what is 1716 - 446766?
-445050
In base 15, what is -407 - -7a4d?
7646
In base 5, what is 311 + -1240212?
-1234401
In base 11, what is 15 + -13021799?
-13021784
In base 5, what is -121423 + 412?
-121011
In base 4, what is -1 + -1022221212311?
-1022221212312
In base 13, what is c08677 - 25?
c08652
In base 7, what is -4 - 12515461?
-12515465
In base 2, what is 10010100111000 + 1011101101111?
11110010100111
In base 10, what is 837 + 14613?
15450
In base 16, what is 0 + -2dcf69?
-2dcf69
In base 7, what is 2205311 + 3021?
2211332
In base 14, what is 41238 - 20a6?
3d172
In base 3, what is -20201 + 10010022102221?
10010022012020
In base 6, what is -5255330 - 132?
-5255502
In base 9, what is 225352 + -5?
225346
In base 14, what is 4 + -13c8098?
-13c8094
In base 12, what is 750b782 - -5?
750b787
In base 12, what is 159 - -8a5834?
8a5991
In base 16, what is 214 + -442f?
-421b
In base 12, what is -1 - -14997?
14996
In base 9, what is 1 - 13411046?
-13411045
In base 6, what is 3402 + -3212002?
-3204200
In base 14, what is 3 - ac18554?
-ac18551
In base 10, what is 4 + -1408975?
-1408971
In base 4, what is 1232323 + -2203221?
-310232
In base 6, what is -2500102 - -13242?
-2442420
In base 13, what is 11ac25 + 11?
11ac36
In base 14, what is 30725 + bd7?
3151c
In base 11, what is 80 + 9707aa?
97087a
In base 8, what is 0 - -7537324?
7537324
In base 3, what is -11 - -2102010211220?
2102010211202
In base 3, what is 120 + -1001010120100?
-1001010112210
In base 10, what is -114 - -490601?
490487
In base 8, what is 551 + -467102?
-466331
In base 4, what is 1021310 + -1220200?
-132230
In base 11, what is -53543 - -3a01?
-4a642
In base 4, what is 10 + 10232221213?
10232221223
In base 15, what is -60850 - -37?
-60818
In base 3, what is -10 + -12001101112100121?
-12001101112100201
In base 13, what is 3 + 919665?
919668
In base 7, what is -1320 - 256034?
-260354
In base 9, what is 87 + -147523?
-147425
In base 16, what is 3f + -202e0?
-202a1
In base 13, what is 7b6a2a - 8?
7b6a22
In base 5, what is -11233041 - -20140?
-11212401
In base 13, what is 443 + 89914?
8a057
In base 14, what is -12 - bc162?
-bc174
In base 4, what is -2220130 + 3201010?
320220
In base 2, what is -1 - -100101111011100111110?
100101111011100111101
In base 16, what is 3bbd3 - -86?
3bc59
In base 11, what is -2 - 496a158?
-496a15a
In base 15, what is -3 + 1817e7?
1817e4
In base 14, what is -134 + -10972?
-10aa6
In base 13, what is 3 - -720b32b?
720b331
In base 4, what is 3003120222 - 33103?
3003021113
In base 11, what is 206718761 + 3?
206718764
In base 3, what is 111 - 2012020020?
-2012012202
In base 12, what is 241b12 + 5?
241b17
In base 8, what is -1246071 - 47?
-1246140
In base 16, what is -3 - 5df8297?
-5df829a
In base 9, what is 2511 + 3066?
5577
In base 6, what is 50135512 - -30?
50135542
In base 4, what is -1100023233 - -10312?
-1100012321
In base 9, what is 17104850 + 0?
17104850
In base 9, what is 5 + 1811048?
1811054
In base 8, what is 66455 + -1406?
65047
In base 11, what is 26a0 + -4963?
-2273
In base 8, what is 4520031 - 1100?
4516731
In base 14, what is 0 - -43c61a?
43c61a
In base 10, what is -97866 + 8974?
-88892
In base 6, what is -32 + 32422143?
32422111
In base 9, what is -14057 - -7428?
-5528
In base 7, what is 1233 + 66411?
100644
In base 4, what is 1020011202 - -21?
1020011223
In base 8, what is -7406 - -1272?
-6114
In base 11, what is -14 - 220262?
-220276
In base 9, what is -10465 + 21757?
11282
In base 7, what is 6115245 + 21?
6115266
In base 16, what is 5a2e - -171?
5b9f
In base 5, what is 2 + 32120431420?
32120431422
In base 14, what is -70 + 6d20ad?
6d203d
In base 2, what is 10110011000101010000 + -10110?
10110011000100111010
In base 10, what is -61038989 + -2?
-61038991
In base 7, what is -320400015 - 5?
-320400023
In base 8, what is -12763 + 1275?
-11466
In base 13, what is 0 - -244b6b9?
244b6b9
In base 9, what is 181 + 110373?
110564
In base 3, what is 110102 + 2112012102?
2112122211
In base 11, what is -50082785 - -a?
-50082776
In base 7, what is -1 + 20414436?
20414435
In base 4, what is 112011321 - -233?
112012220
In base 3, what is 102001202222 - -10100?
102001220022
In base 2, what is -111111010010 + 10101111000?
-101001011010
In base 8, what is 142747541 + 1?
142747542
In base 14, what is 13a153 - 2?
13a151
In base 3, what is 112220200 - 2100101?
110120022
In base 11, what is -1230 + 91?
-114a
In base 12, what is 0 - 28599a8?
-28599a8
In base 12, what is -35 + -4a461?
-4a496
In base 13, what is -31b + 68a2?
6584
In base 13, what is -13 + 38acc0?
38acaa
In base 9, what is -11318474 + -4?
-11318478
In base 13, what is 2622 + -440?
21b2
In base 11, what is 9306 - 1548?
7869
In base 3, what is 1 - 20022002020002010?
-20022002020002002
In base 13, what is 26aa3 + 1a?
26ac0
In base 14, what is 0 - 196cbc?
-196cbc
In base 5, what is 2 + 32124314323?
32124314330
In base 7, what is 3666 - -13113?
20112
In base 3, what is 2021101212022200 + 10?
2021101212022210
In base 15, what is c42 + -425?
81c
In base 8, what is -147212 + -352?
-147564
In base 4, what is -33301 + -102130233?
-102230200
In base 10, what is -210090 - -117?
-209973
In base 13, what is 2c57cba + -14?
2c57ca6
In base 5, what is 13 + -143434310?
-143434242
In base 12, what is -2332 - -54a?
-19a4
In base 14, what is 7b1 - 20b?
5a4
In base 6, what is 53 + -21305520?
-21305423
In base 11, what is 828a + 1253?
9532
In base 12, what is -15885 - -214a?
-13737
In base 3, what is -202 + -202001020211202?
-202001020212111
In base 13, what is a42b3 - -121?
a4404
In base 16, what is -181 - -19?
-168
In base 13, what is 7 - 35baaa3?
-35baa99
In base 12, what is -2b1930a7 - -11?
-2b193096
In base 15, what is 258ae2 + -4c?
258a95
In base 13, what is 187 + -2199a?
-21813
In base 5, what is -131 + -2201?
-2332
In base 14, what is -2 - -5936a8?
5936a6
In base 14, what is 39cc89 + -62?
39cc27
In base 7, what is -510 + 55015?
54205
In base 4, what is 2010 + -302233121?
-302231111
In base 16, what is 4cd0 + 2016?
6ce6
In base 3, what is 1000021021 + -21120?
222222201
In base 5, what is 23201 + 143330?
222031
In base 6, what is -240502 - 10151?
-251053
In base 2, what is 1001000010100001100110 + 10010000?
1001000010100011110110
In base 6, what is 5 - 435244331?
-435244322
In base 15, what is ab + 2680?
273b
In base 2, what is -11 + 1011001011111110010111?
1011001011111110010100
In base 3, what is 100122 + -12212111010?
-12212010111
In base 11, what is -18a + 10544?
10365
In base 14, what is -27d9 + -3c0?
-2bb9
In base 14, what is -11 + 2662b3?
2662a2
In base 15, what is -e7c41 - 278?
-e7eb9
In base 2, what is 11000 + -1000011010001111010011?
-1000011010001110111011
In base 14, what is -10d13d77 + 5?
-10d13d72
In base 5, what is -111 + -14412013323?
-14412013434
In base 9, what is 174 + 331840?
332124
In base 16, what is -49 + 301e9?
301a0
In base 11, what is 6 + -235604?
-2355a9
In base 3, what is -10 - 220002122012102?
-220002122012112
In base 4, what is 1021011 - -20003?
1101020
In base 8, what is 70 - -2404645?
2404735
In base 2, what is -101 + 110101010000110001000?
110101010000110000011
In base 2, what is -10001010111100011011011111 - -101?
-10001010111100011011011010
In base 10, what is 50195108 - -4?
50195112
In base 7, what is -106 + -2421354?
-2421463
In base 16, what is 80bcb4 - 0?
80bcb4
In base 14, what is 87a1 + 32d?
8ad0
In base 3, what is -1212120011210 + 1101?
-1212120010102
In base 7, what is 0 - -346006563?
346006563
In 